-3)/1*(-2)/(-3). Let i = p + -7. Let l = i + 15. What are the prime factors of l?
2, 3
Let c = 11 + -5. Let j = -4 + c. What are the prime factors of (26/(-2))/(j/(-2))?
13
Let f = 12 + -15. What are the prime factors of 37/(2 + f/3)?
37
List the prime factors of ((-8)/16)/(3/(-636)).
2, 53
Let d(s) = 61*s**2 - s. List the prime factors of d(-1).
2, 31
Suppose -115 = -4*a + 29. What are the prime factors of a?
2, 3
Let s(n) = -8*n - 2. Let d be s(-3). Let r = -11 + d. What are the prime factors of r?
11
Suppose 3*m + m = 392. Let w = -49 + m. What are the prime factors of w?
7
Suppose -3*a = -0*a + 5*h - 150, -9 = -3*h. What are the prime factors of a?
3, 5
Let i(d) = d**3 - 4*d**2 - 4*d - 6. Let z be i(5). Let w(x) = 6*x**3 - x**2 - x - 1. Let p be w(z). Let j = p + 20. What are the prime factors of j?
13
Let j = -10 + 7. List the prime factors of j/(9/(-75)) - 2.
23
Suppose 3*a - 108 = -0*a - 3*x, 5*x = -3*a + 98. What are the prime factors of a?
41
Let s = -13 - -5. Let j = s + 18. What are the prime factors of j?
2, 5
Let l = 1 + -1. Let i = 16 + -13. Let w = i + l. List the prime factors of w.
3
Let s be (1 + -10)/((-3)/6). Let n = -29 + s. Let w = n - -17. What are the prime factors of w?
2, 3
Let m(q) = -q**3 + 4*q**2 + 5*q + 6. Let w = -7 - -12. Let n be m(w). List the prime factors of 13/n - 1/6.
2
Let x be ((-52)/(-6))/(2/(-6)). What are the prime factors of x/(-4) - (-18)/12?
2
Let l = -10 - -202. What are the prime factors of l?
2, 3
Let o(c) = -c**3 + 1. Let q be o(0). Suppose 0 = 2*j + q + 3. Let l = 6 - j. List the prime factors of l.
2
Suppose n - 24 = 3*m, -2*m + 0*m - 2*n - 16 = 0. Let f be (-1)/4 - (-46)/m. Let j(i) = 2*i**2 + 9*i + 5. List the prime factors of j(f).
23
Let v = 55 - -40. List the prime factors of v.
5, 19
Let y(x) = -x**3 + 6*x**2 - 3*x + 2. Let g be y(4). Suppose g = 5*p - 3. List the prime factors of p.
5
Let s(w) = w**2 + 12*w - 8. Let o be s(-13). Suppose -o*d = -3*d - 30. What are the prime factors of d?
3, 5
Let h = 2 - -19. What are the prime factors of h?
3, 7
Let n = -19 + 19. Suppose 2*x + x - 51 = n. List the prime factors of x.
17
Let m(p) = -p + 4. Let q be m(0). Suppose -4*v = -5*t + q - 0, -v = -4. Suppose t*g = -1 + 21. List the prime factors of g.
5
Suppose 0 = 2*t + 5*l + 1, -3*t = 3*l - 3 + 9. Let g = t + 5. What are the prime factors of g?
2
Suppose o - d - 51 = 0, -o = 3*o + d - 194. List the prime factors of o.
7
Suppose -2*r + 15 = r. What are the prime factors of ((-7)/r - -2)*5?
3
Let x = -28 - -52. What are the prime factors of x?
2, 3
Let j(s) be the first derivative of s**4/4 - 5*s**3 + 17*s**2/2 - 16*s - 2. What are the prime factors of j(14)?
2, 13
Let o = -167 + 50. List the prime factors of o/15*(-3 + -2).
3, 13
Suppose 4*k - 71 - 69 = 0. Suppose -4*f + 105 + k = 0. Suppose 5*o - 19 - f = -2*l, o - 5*l = 0. List the prime factors of o.
2, 5
Let i = 24 + -16. Let o(x) = -13*x**3 + 37*x**2 + 44*x - 20. Let u(v) = 3*v**3 - 9*v**2 - 11*v + 5. Let n(z) = -2*o(z) - 9*u(z). List the prime factors of n(i).
19
Suppose -l - 2*l + 33 = 0. Let r = l - -16. What are the prime factors of r?
3
Let k(s) = 33*s**3 + s**2 - 1. What are the prime factors of k(1)?
3, 11
Let i(q) = q**3 - 6*q**2 + q - 1. Let o(x) = -7 - 3 + 2 - 5*x + x**2. Let r be o(7). What are the prime factors of i(r)?
5
Let y be (5 - 4)/((-1)/(-15)). Suppose -4*r + 26 = -2*x, 2*r + 0*r - y = 3*x. Suppose -2*k - 40 = -r*k. List the prime factors of k.
2, 5
Let v be (-4)/(-14) - 89/(-7). Suppose -8 - v = -3*w. Suppose -3*k + 0*z + w = 2*z, 4*z = -4*k + 8. List the prime factors of k.
3
Let l(i) = i**2 + i + 1. Let b be l(-2). What are the prime factors of 0 - 8/((-12)/b)?
2
Let t(d) = 10*d + 22. Let w(y) = 3*y + 7. Let l(m) = 2*t(m) - 7*w(m). Let f be l(-9). Suppose 1 = -q + f. List the prime factors of q.
3
Let p = -4 - -6. Suppose -20 = 4*z - d, -5*d = -3*d. What are the prime factors of 11 + (z + -1)/p?
2
Suppose 4*g + 5*w = -53, -5*g - 3*w + 2*w - 61 = 0. List the prime factors of 290/6 - g/(-9).
47
Let b(n) = -38*n**3 + n**2 + 2*n + 1. Let u be b(-1). Suppose -5*m = -4*p - 66, 3*m - 2*p - u = 2*p. List the prime factors of m.
2, 7
Let u be 150/(3/12*6). Suppose -x = 3*v - 54, 4*v - u = x - 21. Let n = -5 + v. List the prime factors of n.
2, 7
List the prime factors of (-3)/12 - (-1 - (-2098)/(-8)).
263
Let l(n) = -n**3 + 8*n**2 - 6*n. Let q(y) = -y**3 + y**2 + 2*y - 1. Let z(c) = -c**2 - c. Let r be z(-2). Let s be q(r). List the prime factors of l(s).
7
Let w(g) = g**2 - 9*g + 3. Let j be w(7). Let q(l) = -l - 8. List the prime factors of q(j).
3
Suppose 0 = 3*n - 6, -4*h + 2*n = n - 6. Suppose 0 + 22 = h*d. List the prime factors of d.
11
Let q(s) = -11*s**2 - 3*s. Let g(d) = 6*d**2 + 2*d. Let m(h) = -5*g(h) - 3*q(h). Let x be m(1). Suppose -r - 3 = -x*r. What are the prime factors of r?
3
Suppose -5*g + 4*g - 385 = -5*f, -3*g = 2*f - 171. What are the prime factors of f?
2, 3, 13
Let j = 546 + -366. What are the prime factors of j?
2, 3, 5
Suppose 4*p = 7*h - 3*h + 528, -h + 252 = 2*p. List the prime factors of p.
2
Let r be 4*(2 + (-6)/4). List the prime factors of (-2 + (-26)/(-4))*r.
3
Suppose 3*r + 11 + 0 = -s, -r + 11 = -s. What are the prime factors of s/(-3) + 8/(-12)?
3
List the prime factors of (-1 - 4 - -14) + 6/3.
11
Suppose 0 = -5*d - i + 25 + 14, 0 = 2*d + 4*i - 30. Suppose 5*p - 5*u - 120 = 0, 2*u - d*u - 25 = 0. List the prime factors of p.
19
Let h(r) = -r**2 + r + 6. What are the prime factors of h(0)?
2, 3
List the prime factors of -3 + 464/(2 + 2).
113
Let n(p) = 5*p**2 - 2*p**2 + p**3 - 2 + 4 + 4*p - 6*p. List the prime factors of n(-3).
2
Suppose -70 = 2*d - 198. List the prime factors of d.
2
What are the prime factors of 36 + 0 + 2 + -5?
3, 11
Let i(s) = 6*s**2 + 5*s - 6. List the prime factors of i(-3).
3, 11
Let m = 17 + -10. Suppose 11 + 5 = 2*p. Suppose -3*a + m = -p. List the prime factors of a.
5
Let b(q) = -2*q**2 + 8*q + 11. Let m(n) = n**2 - 4*n - 5. Let l(d) = -4*b(d) - 9*m(d). Let p be l(5). What are the prime factors of ((-2)/4)/(p/104)?
13
Let x(c) = 5*c**2 + 6*c + 8. List the prime factors of x(-4).
2
Let k(q) = 9*q - 23. Let z(w) = -2*w - 11. Let u(c) = 5*c + 22. Let s(v) = 6*u(v) + 13*z(v). Let f(x) = -6*k(x) + 13*s(x). What are the prime factors of f(-4)?
3
Let n = 307 + -167. List the prime factors of n.
2, 5, 7
Suppose -4*k + 6*k - 12 = 0. Let z(r) = 4*r**2 - k*r + 8*r + 5*r - 3*r**2 + 10. What are the prime factors of z(-8)?
2, 3
Let l(y) = y**2 + 3*y. Let z be l(-4). Suppose -4*c - 2 = 2, z*b = -c - 1. Suppose i = 5*m - 80, b = m - 3*m - i + 32. List the prime factors of m.
2
Suppose 4*q - 49 = 83. Suppose -q = -w + 2. List the prime factors of w.
5, 7
Let a(t) = 37*t**3 + 2*t**2 - t. List the prime factors of a(1).
2, 19
Suppose 3*b + 0 - 12 = 0. Suppose 3*s + 17 - 5 = 0, -5*t = b*s + 1. List the prime factors of t.
3
Let w(c) = -c**3 - 10*c**2 - 9*c + 7. Let t be w(-9). Let u = t - 2. What are the prime factors of u?
5
Suppose -2*r - 3*a = -0*r - 17, -1 = -r + a. Let m(x) = x + 1. Let l be m(3). Suppose -r*n = 3*d - 2*n - 50, -l*d + 64 = 2*n. What are the prime factors of d?
2, 7
Suppose 4*m - n = -2*n - 127, -3*m = -5*n + 124. Let o = m + 51. List the prime factors of o.
2, 3
Suppose 3*w = 4*k + 10 + 4, 2*w - 8 = 2*k. Suppose 0 = w*g + 6, -h - h - 3*g = 5. List the prime factors of 8 + (3 + -3)/h.
2
Let k(f) = f + 1. Let j be k(-9). Let c = j + 14. List the prime factors of c.
2, 3
Suppose -4*a = -36 - 8. List the prime factors of a.
11
Let y(f) = f**2 - 4*f - 3. List the prime factors of y(5).
2
Let i(n) = -n**2 + 9*n + 2. Suppose 0 = x - 6 - 3. Let u be i(x). Suppose 3*g + 11 = -q + 41, -u*g + 70 = 4*q. What are the prime factors of q?
3, 5
Suppose 7*g - 12*g + 1035 = 0. List the prime factors of g.
3, 23
What are the prime factors of (2 + -3 + 3)*6?
2, 3
Let w = -20 - -20. Suppose q + 4*q - 195 = w. List the prime factors of q.
3, 13
Suppose -4 = -4*c - 0. Let l be -11*1 - -1 - c. What are the prime factors of (-35)/l - 4/22?
3
Let m be 0 + (7 - 1)*1. Suppose 3*q = -m + 15. List the prime factors of q.
3
Suppose -4*l + 5*n - 2 = -38, 5*l = -3*n + 8. Suppose 5*a - 29 = -l. List the prime factors of a.
5
Let l be (-1)/((-42)/(-15) + -3). Let o = l + 9. List the prime 